{"id":157,"date":"2022-11-27T21:32:24","date_gmt":"2022-11-28T00:32:24","guid":{"rendered":"https:\/\/belmore.com.br\/index.php\/pagina-inicial\/"},"modified":"2022-12-17T23:32:15","modified_gmt":"2022-12-18T02:32:15","slug":"pagina-inicial","status":"publish","type":"page","link":"https:\/\/belmore.com.br\/","title":{"rendered":"P\u00e1gina inicial"},"content":{"rendered":"\n<h2 class=\"has-text-align-center wp-block-heading\">Comprar por categoria<\/h2>\n\n\n<div class=\"woocommerce columns-4\"><ul class=\"products columns-4\">\n<li class=\"product-category product first\">\n\t<a aria-label=\"Visite a categoria de produto Clothing\" href=\"https:\/\/belmore.com.br\/index.php\/categoria-produto\/clothing\/\"><img loading=\"lazy\" decoding=\"async\" src=\"https:\/\/belmore.com.br\/wp-content\/uploads\/woocommerce-placeholder-324x324.png\" alt=\"Clothing\" width=\"324\" height=\"324\" \/>\t\t<h2 class=\"woocommerce-loop-category__title\">\n\t\t\tClothing <mark class=\"count\">(2)<\/mark>\t\t<\/h2>\n\t\t<\/a><\/li>\n<li class=\"product-category product\">\n\t<a aria-label=\"Visite a categoria de produto Sem categoria\" href=\"https:\/\/belmore.com.br\/index.php\/categoria-produto\/sem-categoria\/\"><img loading=\"lazy\" decoding=\"async\" src=\"https:\/\/belmore.com.br\/wp-content\/uploads\/woocommerce-placeholder-324x324.png\" alt=\"Sem categoria\" width=\"324\" height=\"324\" \/>\t\t<h2 class=\"woocommerce-loop-category__title\">\n\t\t\tSem categoria <mark class=\"count\">(1)<\/mark>\t\t<\/h2>\n\t\t<\/a><\/li>\n<\/ul>\n<\/div>\n\n\n\n<h2 class=\"has-text-align-center wp-block-heading\">Novo em<\/h2>\n\n\n<div data-block-name=\"woocommerce\/product-new\" data-columns=\"4\" class=\"wc-block-grid wp-block-product-new wp-block-woocommerce-product-new wc-block-product-new has-4-columns has-multiple-rows\"><ul class=\"wc-block-grid__products\"><li class=\"wc-block-grid__product\">\n\t\t\t\t<a href=\"https:\/\/belmore.com.br\/index.php\/produto\/classic-unisex-crewneck-t-shirt\/\" class=\"wc-block-grid__product-link\">\n\t\t\t\t\t\n\t\t\t\t\t<div class=\"wc-block-grid__product-image\"><img loading=\"lazy\" decoding=\"async\" width=\"324\" height=\"324\" src=\"https:\/\/belmore.com.br\/wp-content\/uploads\/2022\/12\/8d68d150-cada-4525-8eba-d33c90c8c8a6-324x324.jpg\" class=\"attachment-woocommerce_thumbnail size-woocommerce_thumbnail\" alt=\"8d68d150-cada-4525-8eba-d33c90c8c8a6\" srcset=\"https:\/\/belmore.com.br\/wp-content\/uploads\/2022\/12\/8d68d150-cada-4525-8eba-d33c90c8c8a6-324x324.jpg 324w, https:\/\/belmore.com.br\/wp-content\/uploads\/2022\/12\/8d68d150-cada-4525-8eba-d33c90c8c8a6-300x300.jpg 300w, https:\/\/belmore.com.br\/wp-content\/uploads\/2022\/12\/8d68d150-cada-4525-8eba-d33c90c8c8a6-1024x1024.jpg 1024w, https:\/\/belmore.com.br\/wp-content\/uploads\/2022\/12\/8d68d150-cada-4525-8eba-d33c90c8c8a6-150x150.jpg 150w, https:\/\/belmore.com.br\/wp-content\/uploads\/2022\/12\/8d68d150-cada-4525-8eba-d33c90c8c8a6-768x768.jpg 768w, https:\/\/belmore.com.br\/wp-content\/uploads\/2022\/12\/8d68d150-cada-4525-8eba-d33c90c8c8a6-1536x1536.jpg 1536w, https:\/\/belmore.com.br\/wp-content\/uploads\/2022\/12\/8d68d150-cada-4525-8eba-d33c90c8c8a6.jpg 2048w, https:\/\/belmore.com.br\/wp-content\/uploads\/2022\/12\/8d68d150-cada-4525-8eba-d33c90c8c8a6-1320x1320.jpg 1320w, https:\/\/belmore.com.br\/wp-content\/uploads\/2022\/12\/8d68d150-cada-4525-8eba-d33c90c8c8a6-416x416.jpg 416w, https:\/\/belmore.com.br\/wp-content\/uploads\/2022\/12\/8d68d150-cada-4525-8eba-d33c90c8c8a6-100x100.jpg 100w\" sizes=\"auto, (max-width: 324px) 100vw, 324px\" \/><\/div>\n\t\t\t\t\t<div class=\"wc-block-grid__product-title\">Classic Unisex Crewneck T-shirt<\/div>\n\t\t\t\t<\/a>\n\t\t\t\t<div class=\"wc-block-grid__product-price price\"><span class=\"woocommerce-Price-amount amount\" aria-hidden=\"true\"><span class=\"woocommerce-Price-currencySymbol\">&#082;&#036;<\/span>&nbsp;115,19<\/span> <span aria-hidden=\"true\">&ndash;<\/span> <span class=\"woocommerce-Price-amount amount\" aria-hidden=\"true\"><span class=\"woocommerce-Price-currencySymbol\">&#082;&#036;<\/span>&nbsp;144,59<\/span><span class=\"screen-reader-text\">Price range: &#082;&#036;&nbsp;115,19 through &#082;&#036;&nbsp;144,59<\/span><\/div>\n\t\t\t\t\n\t\t\t\t<div class=\"wp-block-button wc-block-grid__product-add-to-cart\"><a href=\"https:\/\/belmore.com.br\/index.php\/produto\/classic-unisex-crewneck-t-shirt\/\" aria-label=\"Selecione as op\u00e7\u00f5es para &ldquo;Classic Unisex Crewneck T-shirt&rdquo;\" data-quantity=\"1\" data-product_id=\"162\" data-product_sku=\"\" data-price=\"115.19\" rel=\"nofollow\" class=\"wp-block-button__link  add_to_cart_button\">Ver op\u00e7\u00f5es<\/a><\/div>\n\t\t\t<\/li><li class=\"wc-block-grid__product\">\n\t\t\t\t<a href=\"https:\/\/belmore.com.br\/index.php\/produto\/sunglasses\/\" class=\"wc-block-grid__product-link\">\n\t\t\t\t\t\n\t\t\t\t\t<div class=\"wc-block-grid__product-image\"><img loading=\"lazy\" decoding=\"async\" width=\"324\" height=\"324\" src=\"https:\/\/belmore.com.br\/wp-content\/uploads\/2022\/11\/sunglasses-2-324x324.jpg\" class=\"attachment-woocommerce_thumbnail size-woocommerce_thumbnail\" alt=\"Sunglasses\" srcset=\"https:\/\/belmore.com.br\/wp-content\/uploads\/2022\/11\/sunglasses-2-324x324.jpg 324w, https:\/\/belmore.com.br\/wp-content\/uploads\/2022\/11\/sunglasses-2-300x300.jpg 300w, https:\/\/belmore.com.br\/wp-content\/uploads\/2022\/11\/sunglasses-2-150x150.jpg 150w, https:\/\/belmore.com.br\/wp-content\/uploads\/2022\/11\/sunglasses-2-768x768.jpg 768w, https:\/\/belmore.com.br\/wp-content\/uploads\/2022\/11\/sunglasses-2-416x416.jpg 416w, https:\/\/belmore.com.br\/wp-content\/uploads\/2022\/11\/sunglasses-2-100x100.jpg 100w, https:\/\/belmore.com.br\/wp-content\/uploads\/2022\/11\/sunglasses-2.jpg 801w\" sizes=\"auto, (max-width: 324px) 100vw, 324px\" \/><\/div>\n\t\t\t\t\t<div class=\"wc-block-grid__product-title\">Sunglasses<\/div>\n\t\t\t\t<\/a>\n\t\t\t\t<div class=\"wc-block-grid__product-price price\"><span class=\"woocommerce-Price-amount amount\"><span class=\"woocommerce-Price-currencySymbol\">&#082;&#036;<\/span>&nbsp;90,00<\/span><\/div>\n\t\t\t\t\n\t\t\t\t<div class=\"wp-block-button wc-block-grid__product-add-to-cart\"><a href=\"\/index.php\/wp-json\/wp\/v2\/pages\/157?add-to-cart=118\" aria-label=\"Adicione ao carrinho: &ldquo;Sunglasses&rdquo;\" data-quantity=\"1\" data-product_id=\"118\" data-product_sku=\"woo-sunglasses\" data-price=\"90\" rel=\"nofollow\" class=\"wp-block-button__link  add_to_cart_button ajax_add_to_cart\">Adicionar ao carrinho<\/a><\/div>\n\t\t\t<\/li><\/ul><\/div>\n\n\n<h2 class=\"has-text-align-center wp-block-heading\">Favoritos dos f\u00e3s<\/h2>\n\n\n<div data-block-name=\"woocommerce\/product-top-rated\" data-columns=\"4\" class=\"wc-block-grid wp-block-product-top-rated wp-block-woocommerce-product-top-rated wc-block-product-top-rated has-4-columns has-multiple-rows\"><ul class=\"wc-block-grid__products\"><li class=\"wc-block-grid__product\">\n\t\t\t\t<a href=\"https:\/\/belmore.com.br\/index.php\/produto\/classic-unisex-crewneck-t-shirt\/\" class=\"wc-block-grid__product-link\">\n\t\t\t\t\t\n\t\t\t\t\t<div class=\"wc-block-grid__product-image\"><img loading=\"lazy\" decoding=\"async\" width=\"324\" height=\"324\" src=\"https:\/\/belmore.com.br\/wp-content\/uploads\/2022\/12\/8d68d150-cada-4525-8eba-d33c90c8c8a6-324x324.jpg\" class=\"attachment-woocommerce_thumbnail size-woocommerce_thumbnail\" alt=\"8d68d150-cada-4525-8eba-d33c90c8c8a6\" srcset=\"https:\/\/belmore.com.br\/wp-content\/uploads\/2022\/12\/8d68d150-cada-4525-8eba-d33c90c8c8a6-324x324.jpg 324w, https:\/\/belmore.com.br\/wp-content\/uploads\/2022\/12\/8d68d150-cada-4525-8eba-d33c90c8c8a6-300x300.jpg 300w, https:\/\/belmore.com.br\/wp-content\/uploads\/2022\/12\/8d68d150-cada-4525-8eba-d33c90c8c8a6-1024x1024.jpg 1024w, https:\/\/belmore.com.br\/wp-content\/uploads\/2022\/12\/8d68d150-cada-4525-8eba-d33c90c8c8a6-150x150.jpg 150w, https:\/\/belmore.com.br\/wp-content\/uploads\/2022\/12\/8d68d150-cada-4525-8eba-d33c90c8c8a6-768x768.jpg 768w, https:\/\/belmore.com.br\/wp-content\/uploads\/2022\/12\/8d68d150-cada-4525-8eba-d33c90c8c8a6-1536x1536.jpg 1536w, https:\/\/belmore.com.br\/wp-content\/uploads\/2022\/12\/8d68d150-cada-4525-8eba-d33c90c8c8a6.jpg 2048w, https:\/\/belmore.com.br\/wp-content\/uploads\/2022\/12\/8d68d150-cada-4525-8eba-d33c90c8c8a6-1320x1320.jpg 1320w, https:\/\/belmore.com.br\/wp-content\/uploads\/2022\/12\/8d68d150-cada-4525-8eba-d33c90c8c8a6-416x416.jpg 416w, https:\/\/belmore.com.br\/wp-content\/uploads\/2022\/12\/8d68d150-cada-4525-8eba-d33c90c8c8a6-100x100.jpg 100w\" sizes=\"auto, (max-width: 324px) 100vw, 324px\" \/><\/div>\n\t\t\t\t\t<div class=\"wc-block-grid__product-title\">Classic Unisex Crewneck T-shirt<\/div>\n\t\t\t\t<\/a>\n\t\t\t\t<div class=\"wc-block-grid__product-price price\"><span class=\"woocommerce-Price-amount amount\" aria-hidden=\"true\"><span class=\"woocommerce-Price-currencySymbol\">&#082;&#036;<\/span>&nbsp;115,19<\/span> <span aria-hidden=\"true\">&ndash;<\/span> <span class=\"woocommerce-Price-amount amount\" aria-hidden=\"true\"><span class=\"woocommerce-Price-currencySymbol\">&#082;&#036;<\/span>&nbsp;144,59<\/span><span class=\"screen-reader-text\">Price range: &#082;&#036;&nbsp;115,19 through &#082;&#036;&nbsp;144,59<\/span><\/div>\n\t\t\t\t\n\t\t\t\t<div class=\"wp-block-button wc-block-grid__product-add-to-cart\"><a href=\"https:\/\/belmore.com.br\/index.php\/produto\/classic-unisex-crewneck-t-shirt\/\" aria-label=\"Selecione as op\u00e7\u00f5es para &ldquo;Classic Unisex Crewneck T-shirt&rdquo;\" data-quantity=\"1\" data-product_id=\"162\" data-product_sku=\"\" data-price=\"115.19\" rel=\"nofollow\" class=\"wp-block-button__link  add_to_cart_button\">Ver op\u00e7\u00f5es<\/a><\/div>\n\t\t\t<\/li><li class=\"wc-block-grid__product\">\n\t\t\t\t<a href=\"https:\/\/belmore.com.br\/index.php\/produto\/sunglasses\/\" class=\"wc-block-grid__product-link\">\n\t\t\t\t\t\n\t\t\t\t\t<div class=\"wc-block-grid__product-image\"><img loading=\"lazy\" decoding=\"async\" width=\"324\" height=\"324\" src=\"https:\/\/belmore.com.br\/wp-content\/uploads\/2022\/11\/sunglasses-2-324x324.jpg\" class=\"attachment-woocommerce_thumbnail size-woocommerce_thumbnail\" alt=\"Sunglasses\" srcset=\"https:\/\/belmore.com.br\/wp-content\/uploads\/2022\/11\/sunglasses-2-324x324.jpg 324w, https:\/\/belmore.com.br\/wp-content\/uploads\/2022\/11\/sunglasses-2-300x300.jpg 300w, https:\/\/belmore.com.br\/wp-content\/uploads\/2022\/11\/sunglasses-2-150x150.jpg 150w, https:\/\/belmore.com.br\/wp-content\/uploads\/2022\/11\/sunglasses-2-768x768.jpg 768w, https:\/\/belmore.com.br\/wp-content\/uploads\/2022\/11\/sunglasses-2-416x416.jpg 416w, https:\/\/belmore.com.br\/wp-content\/uploads\/2022\/11\/sunglasses-2-100x100.jpg 100w, https:\/\/belmore.com.br\/wp-content\/uploads\/2022\/11\/sunglasses-2.jpg 801w\" sizes=\"auto, (max-width: 324px) 100vw, 324px\" \/><\/div>\n\t\t\t\t\t<div class=\"wc-block-grid__product-title\">Sunglasses<\/div>\n\t\t\t\t<\/a>\n\t\t\t\t<div class=\"wc-block-grid__product-price price\"><span class=\"woocommerce-Price-amount amount\"><span class=\"woocommerce-Price-currencySymbol\">&#082;&#036;<\/span>&nbsp;90,00<\/span><\/div>\n\t\t\t\t\n\t\t\t\t<div class=\"wp-block-button wc-block-grid__product-add-to-cart\"><a href=\"\/index.php\/wp-json\/wp\/v2\/pages\/157?add-to-cart=118\" aria-label=\"Adicione ao carrinho: &ldquo;Sunglasses&rdquo;\" data-quantity=\"1\" data-product_id=\"118\" data-product_sku=\"woo-sunglasses\" data-price=\"90\" rel=\"nofollow\" class=\"wp-block-button__link  add_to_cart_button ajax_add_to_cart\">Adicionar ao carrinho<\/a><\/div>\n\t\t\t<\/li><\/ul><\/div>\n\n\n<h2 class=\"has-text-align-center wp-block-heading\">Promo\u00e7\u00e3o<\/h2>\n\n\n\n\n\n<h2 class=\"has-text-align-center wp-block-heading\">Mais vendidos<\/h2>\n\n\n<div data-block-name=\"woocommerce\/product-best-sellers\" data-columns=\"4\" class=\"wc-block-grid wp-block-product-best-sellers wp-block-woocommerce-product-best-sellers wc-block-product-best-sellers has-4-columns has-multiple-rows\"><ul class=\"wc-block-grid__products\"><li class=\"wc-block-grid__product\">\n\t\t\t\t<a href=\"https:\/\/belmore.com.br\/index.php\/produto\/classic-unisex-crewneck-t-shirt\/\" class=\"wc-block-grid__product-link\">\n\t\t\t\t\t\n\t\t\t\t\t<div class=\"wc-block-grid__product-image\"><img loading=\"lazy\" decoding=\"async\" width=\"324\" height=\"324\" src=\"https:\/\/belmore.com.br\/wp-content\/uploads\/2022\/12\/8d68d150-cada-4525-8eba-d33c90c8c8a6-324x324.jpg\" class=\"attachment-woocommerce_thumbnail size-woocommerce_thumbnail\" alt=\"8d68d150-cada-4525-8eba-d33c90c8c8a6\" srcset=\"https:\/\/belmore.com.br\/wp-content\/uploads\/2022\/12\/8d68d150-cada-4525-8eba-d33c90c8c8a6-324x324.jpg 324w, https:\/\/belmore.com.br\/wp-content\/uploads\/2022\/12\/8d68d150-cada-4525-8eba-d33c90c8c8a6-300x300.jpg 300w, https:\/\/belmore.com.br\/wp-content\/uploads\/2022\/12\/8d68d150-cada-4525-8eba-d33c90c8c8a6-1024x1024.jpg 1024w, https:\/\/belmore.com.br\/wp-content\/uploads\/2022\/12\/8d68d150-cada-4525-8eba-d33c90c8c8a6-150x150.jpg 150w, https:\/\/belmore.com.br\/wp-content\/uploads\/2022\/12\/8d68d150-cada-4525-8eba-d33c90c8c8a6-768x768.jpg 768w, https:\/\/belmore.com.br\/wp-content\/uploads\/2022\/12\/8d68d150-cada-4525-8eba-d33c90c8c8a6-1536x1536.jpg 1536w, https:\/\/belmore.com.br\/wp-content\/uploads\/2022\/12\/8d68d150-cada-4525-8eba-d33c90c8c8a6.jpg 2048w, https:\/\/belmore.com.br\/wp-content\/uploads\/2022\/12\/8d68d150-cada-4525-8eba-d33c90c8c8a6-1320x1320.jpg 1320w, https:\/\/belmore.com.br\/wp-content\/uploads\/2022\/12\/8d68d150-cada-4525-8eba-d33c90c8c8a6-416x416.jpg 416w, https:\/\/belmore.com.br\/wp-content\/uploads\/2022\/12\/8d68d150-cada-4525-8eba-d33c90c8c8a6-100x100.jpg 100w\" sizes=\"auto, (max-width: 324px) 100vw, 324px\" \/><\/div>\n\t\t\t\t\t<div class=\"wc-block-grid__product-title\">Classic Unisex Crewneck T-shirt<\/div>\n\t\t\t\t<\/a>\n\t\t\t\t<div class=\"wc-block-grid__product-price price\"><span class=\"woocommerce-Price-amount amount\" aria-hidden=\"true\"><span class=\"woocommerce-Price-currencySymbol\">&#082;&#036;<\/span>&nbsp;115,19<\/span> <span aria-hidden=\"true\">&ndash;<\/span> <span class=\"woocommerce-Price-amount amount\" aria-hidden=\"true\"><span class=\"woocommerce-Price-currencySymbol\">&#082;&#036;<\/span>&nbsp;144,59<\/span><span class=\"screen-reader-text\">Price range: &#082;&#036;&nbsp;115,19 through &#082;&#036;&nbsp;144,59<\/span><\/div>\n\t\t\t\t\n\t\t\t\t<div class=\"wp-block-button wc-block-grid__product-add-to-cart\"><a href=\"https:\/\/belmore.com.br\/index.php\/produto\/classic-unisex-crewneck-t-shirt\/\" aria-label=\"Selecione as op\u00e7\u00f5es para &ldquo;Classic Unisex Crewneck T-shirt&rdquo;\" data-quantity=\"1\" data-product_id=\"162\" data-product_sku=\"\" data-price=\"115.19\" rel=\"nofollow\" class=\"wp-block-button__link  add_to_cart_button\">Ver op\u00e7\u00f5es<\/a><\/div>\n\t\t\t<\/li><li class=\"wc-block-grid__product\">\n\t\t\t\t<a href=\"https:\/\/belmore.com.br\/index.php\/produto\/sunglasses\/\" class=\"wc-block-grid__product-link\">\n\t\t\t\t\t\n\t\t\t\t\t<div class=\"wc-block-grid__product-image\"><img loading=\"lazy\" decoding=\"async\" width=\"324\" height=\"324\" src=\"https:\/\/belmore.com.br\/wp-content\/uploads\/2022\/11\/sunglasses-2-324x324.jpg\" class=\"attachment-woocommerce_thumbnail size-woocommerce_thumbnail\" alt=\"Sunglasses\" srcset=\"https:\/\/belmore.com.br\/wp-content\/uploads\/2022\/11\/sunglasses-2-324x324.jpg 324w, https:\/\/belmore.com.br\/wp-content\/uploads\/2022\/11\/sunglasses-2-300x300.jpg 300w, https:\/\/belmore.com.br\/wp-content\/uploads\/2022\/11\/sunglasses-2-150x150.jpg 150w, https:\/\/belmore.com.br\/wp-content\/uploads\/2022\/11\/sunglasses-2-768x768.jpg 768w, https:\/\/belmore.com.br\/wp-content\/uploads\/2022\/11\/sunglasses-2-416x416.jpg 416w, https:\/\/belmore.com.br\/wp-content\/uploads\/2022\/11\/sunglasses-2-100x100.jpg 100w, https:\/\/belmore.com.br\/wp-content\/uploads\/2022\/11\/sunglasses-2.jpg 801w\" sizes=\"auto, (max-width: 324px) 100vw, 324px\" \/><\/div>\n\t\t\t\t\t<div class=\"wc-block-grid__product-title\">Sunglasses<\/div>\n\t\t\t\t<\/a>\n\t\t\t\t<div class=\"wc-block-grid__product-price price\"><span class=\"woocommerce-Price-amount amount\"><span class=\"woocommerce-Price-currencySymbol\">&#082;&#036;<\/span>&nbsp;90,00<\/span><\/div>\n\t\t\t\t\n\t\t\t\t<div class=\"wp-block-button wc-block-grid__product-add-to-cart\"><a href=\"\/index.php\/wp-json\/wp\/v2\/pages\/157?add-to-cart=118\" aria-label=\"Adicione ao carrinho: &ldquo;Sunglasses&rdquo;\" data-quantity=\"1\" data-product_id=\"118\" data-product_sku=\"woo-sunglasses\" data-price=\"90\" rel=\"nofollow\" class=\"wp-block-button__link  add_to_cart_button ajax_add_to_cart\">Adicionar ao carrinho<\/a><\/div>\n\t\t\t<\/li><\/ul><\/div>","protected":false},"excerpt":{"rendered":"<p>Comprar por categoria Novo em Favoritos dos f\u00e3s Promo\u00e7\u00e3o Mais vendidos<\/p>\n","protected":false},"author":1,"featured_media":0,"parent":0,"menu_order":0,"comment_status":"closed","ping_status":"closed","template":"template-fullwidth.php","meta":{"_monsterinsights_skip_tracking":false,"_monsterinsights_sitenote_active":false,"_monsterinsights_sitenote_note":"","_monsterinsights_sitenote_category":0,"footnotes":""},"class_list":["post-157","page","type-page","status-publish","hentry"],"aioseo_notices":[],"jetpack_sharing_enabled":true,"_links":{"self":[{"href":"https:\/\/belmore.com.br\/index.php\/wp-json\/wp\/v2\/pages\/157","targetHints":{"allow":["GET"]}}],"collection":[{"href":"https:\/\/belmore.com.br\/index.php\/wp-json\/wp\/v2\/pages"}],"about":[{"href":"https:\/\/belmore.com.br\/index.php\/wp-json\/wp\/v2\/types\/page"}],"author":[{"embeddable":true,"href":"https:\/\/belmore.com.br\/index.php\/wp-json\/wp\/v2\/users\/1"}],"replies":[{"embeddable":true,"href":"https:\/\/belmore.com.br\/index.php\/wp-json\/wp\/v2\/comments?post=157"}],"version-history":[{"count":2,"href":"https:\/\/belmore.com.br\/index.php\/wp-json\/wp\/v2\/pages\/157\/revisions"}],"predecessor-version":[{"id":176,"href":"https:\/\/belmore.com.br\/index.php\/wp-json\/wp\/v2\/pages\/157\/revisions\/176"}],"wp:attachment":[{"href":"https:\/\/belmore.com.br\/index.php\/wp-json\/wp\/v2\/media?parent=157"}],"curies":[{"name":"wp","href":"https:\/\/api.w.org\/{rel}","templated":true}]}}